mmon factor of 7663 and q?
79
Let j be -2 - (-14)/8 - 378/(-72). Suppose -j*n = -8*n + 3*h + 72, -2*n - 5*h = -69. What is the highest common divisor of 288 and n?
9
Let a be (3/4)/1*84/21. Suppose a*v + 152 = 11*v. Calculate the highest common divisor of 171 and v.
19
Suppose 0 = -3*w + 2*w + 2*q - 9, 21 = -5*w + 2*q. Let a be 6/(-9) - 44/w. Let i = a + -10. What is the greatest common divisor of i and 8?
4
Let m = -573 + 577. Let y be 20/((-63)/(-15) - m). Calculate the greatest common divisor of y and 150.
50
Let d(a) = 2*a**2 + 240*a - 2336. Let w be d(-130). What is the greatest common factor of w and 8536?
88
Suppose 21*j = 117630 - 2793 - 6435. What is the greatest common divisor of 58 and j?
58
Let k be (0 - 2 - -631) + -20 + 28. Calculate the greatest common divisor of k and 2891.
49
Let w = -1 + 31. Suppose 790*c - 761*c = 580. Let t = w - c. What is the highest common factor of 10 and t?
10
Let j be 16/(-10) + 30311/85. Calculate the greatest common factor of j and 71.
71
Let z(o) = 27*o**2 + 61*o - 253. Let b be z(4). Calculate the highest common factor of 81 and b.
9
Let k(p) = p**3 + 17*p**2 - 40*p - 16. Let u be k(-19). Suppose 3*d - 859 + 1 = 0. Calculate the highest common divisor of u and d.
22
Suppose 4*z + 327 - 335 = 0. Suppose 0*i + 24 = z*i. Calculate the highest common factor of i and 6.
6
Let a be 6156/14 + 20*(-12)/(-840). Calculate the highest common divisor of a and 140.
20
Let f = 82 - 72. Let i be (-1)/3 + (-296)/(-6). Let z = 1 + i. Calculate the greatest common divisor of z and f.
10
Let y be ((-29936)/(-18) + 3 + (-350)/126)*6. What is the highest common factor of 20 and y?
20
Let i = 35576 - 35351. What is the greatest common factor of 189 and i?
9
Let z(m) = -m - 81. Let h be z(-13). Let f = 138 + h. Calculate the highest common factor of 10 and f.
10
Suppose 29*b = 156*b - 11176. What is the greatest common factor of 56 and b?
8
Suppose -2*j + 488 = j - 4*p, 5*j + 3*p - 823 = 0. Let s = 166 - j. Calculate the highest common divisor of s and 6.
2
Suppose 15*z - 9*z - 525 = -15*z. Calculate the greatest common divisor of z and 6300.
25
Suppose -9 = -v + 12. Let l(j) = -46*j + 30. Let z be l(-9). Let r be (-10 + 1)/(z/(-63) - -7). Calculate the highest common factor of r and v.
21
Let w be (-30)/((-196)/(-20) + -5 - (-3 - -8)). What is the highest common factor of 4300 and w?
50
Suppose -1005*m + 1007*m - 5392 = 0. What is the greatest common factor of m and 8?
8
Suppose -483 = -12*n + 4317. Let q = n - 265. Calculate the highest common factor of q and 5.
5
Let t be ((-116)/20 - -1) + (-36)/(-45). Let z be 180/16 + -11 + (-951)/t. What is the highest common factor of z and 17?
17
Let h = 1471 - 151. What is the greatest common factor of 180 and h?
60
Let v(b) = -84*b + 497. Let w be v(2). Calculate the highest common divisor of 2 and w.
1
Let c(j) = -4*j - 111. Let m be c(-28). Suppose 5*y - p = 43, -y - 4*p + m + 16 = 0. What is the highest common factor of y and 117?
9
Suppose 0 = 183*c - 785707 - 757006 + 119705. What is the greatest common factor of 32 and c?
32
Suppose 3*h - 1 = 2*k - 27, -5*h - 40 = -5*k. Let c be 1/((-30)/(-18)) + (-534)/h. Calculate the highest common factor of 1026 and c.
54
Let v be (-369)/45 - 2/(-10). Let s be ((-12)/v)/(24/704). What is the greatest common factor of 88 and s?
44
Suppose -97527 = -74*v + 15*v. Calculate the greatest common divisor of v and 38.
19
Let j(c) = 6*c**3 - 24*c**2 + c + 12. Let d be j(6). What is the highest common divisor of d and 400?
50
Let k(d) = -101*d + 162. Let j be k(-2). Calculate the highest common factor of j and 1001.
91
Suppose 0 = 22*c - 35*c + 52. Let u be c/(-8)*12 - -23. Calculate the highest common factor of 1462 and u.
17
Suppose -1466 = -4*u - 4*n - n, 3*u + 2*n = 1103. Suppose -x - 97*x + 3606 = -4430. What is the highest common divisor of u and x?
41
Let f = -616 - -711. Let s be ((-494)/f)/(2/(-145)). Calculate the greatest common divisor of 13 and s.
13
Let p be (28/49)/((-2)/(-14)). Let u be (176/24 - 8)/(p/(-318)). Let i(h) = 8*h**2 + 5*h + 14. Let j be i(-7). What is the highest common divisor of u and j?
53
Let u be 1166/8 - 12/16. Suppose 5*w - u = 75. What is the highest common divisor of 132 and w?
44
Let t = -69 + 73. Suppose t*k + 0*z = -z + 704, 0 = k + 4*z - 191. Suppose 4*a = -c - a + 13, k = 5*c + 3*a. What is the highest common divisor of c and 19?
19
Suppose -15 = 5*i, 12 = f + 183*i - 179*i. Suppose 6*z + 4*z - 4320 = 0. Calculate the highest common factor of f and z.
24
Suppose -24*c = 17*c + 85700 - 334898. What is the highest common factor of c and 6?
6
Suppose -2*k = -6*k + 180. Suppose 79 - 121 = -2*s. Let w be s/2 + 57/(-38). What is the greatest common divisor of w and k?
9
Suppose -21*v + v + 1680 = 0. Calculate the highest common factor of v and 896.
28
Suppose 3*l + 16 = 3*i - 26, -4*i + 41 = l. Let h(q) = 21*q - 1. Let z be h(2). Let a be z - (-4)/(-8)*-6. What is the greatest common divisor of i and a?
11
Suppose -7*w = -223 - 449. Suppose -3*p + w = -0*p. What is the greatest common factor of 24 and p?
8
Let n(p) = 973*p - 4797. Let w be n(5). Calculate the greatest common factor of 6137 and w.
17
Let m be (-1)/3*(17 - 251). Suppose -12 = -5*r + 3. Suppose -4*a + a + 54 = -r*n, 4*a = n + m. Calculate the greatest common divisor of 180 and a.
20
Let o = 2194 + -1698. Calculate the greatest common factor of o and 128.
16
Suppose -9 = 2*s + 31. Let c be 1/(s/(-432)) - (-2)/5. Calculate the highest common factor of c and 44.
22
Let q be (408/119)/(1/35). Suppose 2*a - 73 = 5*v, -3*a + v - 4*v + q = 0. What is the highest common divisor of 351 and a?
39
Let q be ((-34)/10 + 2)/((-251)/10040). Calculate the highest common divisor of 13384 and q.
56
Let c(s) = -s**3 - 11*s**2 + 27*s + 31. Let p be c(-13). Suppose -p*f + 279 - 63 = 0. What is the highest common factor of 96 and f?
12
Let p be 1/(-2)*-478 - 8. Suppose -3*g = -66 - 33. What is the highest common factor of g and p?
33
Let q = -2403 + 3358. Calculate the highest common divisor of q and 2292.
191
Suppose 2*t - 58*q - 30 = -55*q, -2*q + 15 = t. What is the greatest common factor of t and 55?
5
Let t(i) = -i**3 + 21*i**2 - 90*i + 96. Let o be t(8). Let r(x) = -x**2 - 8*x - 2. Let m be r(-5). Calculate the highest common factor of m and o.
13
Let q(c) = -c**3 - 7*c**2 - 21*c - 159. Let x be q(-7). Let r be 10/((-1)/x*2). What is the highest common factor of r and 12?
12
Suppose -397 = -14*b + 10*b + 5*y, -2*b = y - 181. Let j = b + -89. Calculate the highest common factor of j and 92.
4
Let b(q) = 20*q**2 - 4*q - 19. Let f be b(-6). Suppose 19*l + f = 14*l. Let c = l - -153. Calculate the highest common divisor of c and 1.
1
Let z(r) be the third derivative of 7*r**4/24 - 17*r**3/3 - 106*r**2. Let l be z(9). Calculate the highest common factor of 928 and l.
29
Let x be 218/((-722)/95 - -8). Calculate the greatest common factor of x and 872.
109
Suppose 0 = 2*w - 5*k - 177, k + 193 - 484 = -3*w. Let n be 20 + (-3)/((-3)/4). What is the greatest common divisor of n and w?
24
Let c(z) = z**2 + 32*z - 161. Let n = -732 - -695. Let r be c(n). Let w be (-46)/(-4) + 2/4. What is the highest common factor of w and r?
12
Let l = 1197 - 854. Let i = l - 309. What is the greatest common factor of i and 102?
34
Suppose -40*d = -37*d - 525. Suppose -k - o = -108, 4*k + 4*o - o = 429. What is the greatest common factor of k and d?
35
Suppose 4*h = w - 21, 7*w - 4*w + 2*h - 49 = 0. Calculate the greatest common divisor of 391 and w.
17
Suppose 2*f - 4*l + 20 = 0, 3*l + 44 + 4 = -3*f. Let b be f/28 - (-250)/4. Calculate the highest common divisor of b and 155.
31
Let f(v) = 6*v**2 + 46*v - 318. Let t be f(6). What is the greatest common factor of 174 and t?
174
Suppose 5200 = -8*i + 15568. Calculate the highest common factor of i and 168.
24
Suppose 4*c = -65*c + 29105 + 5878. Calculate the greatest common factor of 104 and c.
13
Let i(b) = 44*b**2 - 41*b**2 + 39*b + 12*b + 16. Let l be i(-16). Let g = 36 - l. Calculate the greatest common divisor of 51 and g.
17
Let j(y) = -y**3 - 3*y**2 + 53*y - 46*y + 2*y**2. Let d be j(-4). What is the highest common divisor of 30 and d?
10
Suppose 0 = -f + 4*b - 23, -5*f - b + 273 = 241. Suppose 110 = 4*m - 2*m. Calculate the